{"id":2,"date":"2011-01-05T16:41:06","date_gmt":"2011-01-05T16:41:06","guid":{"rendered":"http:\/\/bloggniceparty.se\/?page_id=2"},"modified":"2021-01-17T14:55:31","modified_gmt":"2021-01-17T14:55:31","slug":"about","status":"publish","type":"page","link":"https:\/\/bloggmysteriefabriken.se\/?page_id=2","title":{"rendered":"Om Mysteriefabriken AB"},"content":{"rendered":"<h2>Mysteriefabriken AB &#8211; mordg\u00e5tor f\u00f6r vuxna, deckarg\u00e5tor f\u00f6r barn.<\/h2>\n<p>Fr\u00e5n\u00a0b\u00f6rjan gick Mysteriefabriken AB under namnet Svenska NiCe f\u00f6rlag. F\u00f6rlaget startades 2006. F\u00f6rlaget har gjort sig k\u00e4nt genom sitt varum\u00e4rke<strong><a href=\"https:\/\/www.svenskamordgator.se\/se\/\"> Svenska Mordg\u00e5tor<\/a>.<\/strong> Svenska Mordg\u00e5tor erbjuder ett festkoncept i form av manus till mordg\u00e5tor som man enkelt kan genomf\u00f6ra hemma med sina v\u00e4nner eller p\u00e5 f\u00f6retagsfest. F\u00f6r mer information &#8211; <strong><a title=\"Svenska Mordg\u00e5tor\" href=\"http:\/\/www.svenskamordgator.se\/se\/\">l\u00e4s h\u00e4r!<\/a><\/strong><\/p>\n<p>F\u00f6rlaget erbjuder sedan h\u00f6sten 2019 ett liknande koncept f\u00f6r barn &#8211; <a href=\"https:\/\/www.mysteriefabriken.se\/sv\/\"><strong>Mysteriefabriken<\/strong><\/a>. Mysteriefabriken\u00e4r ett unikt koncept med deckarg\u00e5tor f\u00f6r barn som l\u00e4romedel men \u00e4ven som lek och aktivitet p\u00e5 barnkalas eller liknande. F\u00f6r mer information &#8211; <a title=\"NiCe Learning\" href=\"https:\/\/www.mysteriefabriken.se\/sv\/\"><strong>l\u00e4s h\u00e4r!<\/strong><\/a><\/p>\n","protected":false},"excerpt":{"rendered":"<p>Mysteriefabriken AB &#8211; mordg\u00e5tor f\u00f6r vuxna, deckarg\u00e5tor f\u00f6r barn. Fr\u00e5n\u00a0b\u00f6rjan gick Mysteriefabriken AB under namnet Svenska NiCe f\u00f6rlag. F\u00f6rlaget startades 2006. F\u00f6rlaget har gjort sig k\u00e4nt genom sitt varum\u00e4rke Svenska Mordg\u00e5tor. Svenska Mordg\u00e5tor erbjuder ett festkoncept i form av manus till mordg\u00e5tor som man enkelt kan genomf\u00f6ra hemma med sina v\u00e4nner eller p\u00e5 f\u00f6retagsfest. F\u00f6r [&hellip;]<\/p>\n","protected":false},"author":1,"featured_media":0,"parent":0,"menu_order":0,"comment_status":"open","ping_status":"open","template":"","meta":{"footnotes":""},"class_list":["post-2","page","type-page","status-publish","hentry"],"_links":{"self":[{"href":"https:\/\/bloggmysteriefabriken.se\/index.php?rest_route=\/wp\/v2\/pages\/2","targetHints":{"allow":["GET"]}}],"collection":[{"href":"https:\/\/bloggmysteriefabriken.se\/index.php?rest_route=\/wp\/v2\/pages"}],"about":[{"href":"https:\/\/bloggmysteriefabriken.se\/index.php?rest_route=\/wp\/v2\/types\/page"}],"author":[{"embeddable":true,"href":"https:\/\/bloggmysteriefabriken.se\/index.php?rest_route=\/wp\/v2\/users\/1"}],"replies":[{"embeddable":true,"href":"https:\/\/bloggmysteriefabriken.se\/index.php?rest_route=%2Fwp%2Fv2%2Fcomments&post=2"}],"version-history":[{"count":3,"href":"https:\/\/bloggmysteriefabriken.se\/index.php?rest_route=\/wp\/v2\/pages\/2\/revisions"}],"predecessor-version":[{"id":1821,"href":"https:\/\/bloggmysteriefabriken.se\/index.php?rest_route=\/wp\/v2\/pages\/2\/revisions\/1821"}],"wp:attachment":[{"href":"https:\/\/bloggmysteriefabriken.se\/index.php?rest_route=%2Fwp%2Fv2%2Fmedia&parent=2"}],"curies":[{"name":"wp","href":"https:\/\/api.w.org\/{rel}","templated":true}]}}